{"id":2278,"date":"2022-03-02T10:22:24","date_gmt":"2022-03-02T09:22:24","guid":{"rendered":"https:\/\/catedradelcalzado.umh.es\/?page_id=2278"},"modified":"2022-04-05T20:26:47","modified_gmt":"2022-04-05T18:26:47","slug":"sesion-23-de-febrero-2022-el-calzado-una-profesion-de-actualidad-demandada","status":"publish","type":"page","link":"https:\/\/catedradelcalzado.umh.es\/ca\/jornadas-del-calzado\/sesion-23-de-febrero-2022-el-calzado-una-profesion-de-actualidad-demandada\/","title":{"rendered":"<span lang=\"es\">(Espa\u00f1ol) Sesi\u00f3n 23 de febrero 2022 &#8220;El calzado, una profesi\u00f3n de actualidad demandada&#8221;<\/span>"},"content":{"rendered":"<p class=\"qtranxs-available-languages-message qtranxs-available-languages-message-ca\">Ho sentim, aquesta entrada es troba disponible \u00fanicament en <a href=\"https:\/\/catedradelcalzado.umh.es\/es\/wp-json\/wp\/v2\/pages\/2278\" class=\"qtranxs-available-language-link qtranxs-available-language-link-es\" title=\"Espa\u00f1ol\">Espanyol Europeu<\/a>.<\/p>","protected":false},"excerpt":{"rendered":"<p>Ho sentim, aquesta entrada es troba disponible \u00fanicament en Espanyol Europeu.<\/p>\n","protected":false},"author":167,"featured_media":0,"parent":2071,"menu_order":1,"comment_status":"closed","ping_status":"closed","template":"","meta":{"_links_to":"","_links_to_target":""},"_links":{"self":[{"href":"https:\/\/catedradelcalzado.umh.es\/ca\/wp-json\/wp\/v2\/pages\/2278"}],"collection":[{"href":"https:\/\/catedradelcalzado.umh.es\/ca\/wp-json\/wp\/v2\/pages"}],"about":[{"href":"https:\/\/catedradelcalzado.umh.es\/ca\/wp-json\/wp\/v2\/types\/page"}],"author":[{"embeddable":true,"href":"https:\/\/catedradelcalzado.umh.es\/ca\/wp-json\/wp\/v2\/users\/167"}],"replies":[{"embeddable":true,"href":"https:\/\/catedradelcalzado.umh.es\/ca\/wp-json\/wp\/v2\/comments?post=2278"}],"version-history":[{"count":0,"href":"https:\/\/catedradelcalzado.umh.es\/ca\/wp-json\/wp\/v2\/pages\/2278\/revisions"}],"up":[{"embeddable":true,"href":"https:\/\/catedradelcalzado.umh.es\/ca\/wp-json\/wp\/v2\/pages\/2071"}],"wp:attachment":[{"href":"https:\/\/catedradelcalzado.umh.es\/ca\/wp-json\/wp\/v2\/media?parent=2278"}],"curies":[{"name":"wp","href":"https:\/\/api.w.org\/{rel}","templated":true}]}}

<span lang="es">(Español) Sesión 23 de febrero 2022 &#8220;El calzado, una profesión de actualidad demandada&#8221;</span>

<p class="qtranxs-available-languages-message qtranxs-available-languages-message-ca">Ho sentim, aquesta entrada es troba disponible únicament en <a href="https://catedradelcalzado.umh.es/es/wp-json/wp/v2/pages/2278" class="qtranxs-available-language-link qtranxs-available-language-link-es" title="Español">Espanyol Europeu</a>.</p>

<p>Ho sentim, aquesta entrada es troba disponible únicament en Espanyol Europeu.</p>
