{"id":2750,"date":"2022-04-05T20:26:21","date_gmt":"2022-04-05T18:26:21","guid":{"rendered":"https:\/\/catedradelcalzado.umh.es\/?page_id=2750"},"modified":"2022-04-05T20:28:11","modified_gmt":"2022-04-05T18:28:11","slug":"sesion-30-de-marzo-2022-el-calzado-y-los-ods-la-sostenibilidad-del-calzado-una-adaptacion-necesaria","status":"publish","type":"page","link":"https:\/\/catedradelcalzado.umh.es\/ca\/jornadas-del-calzado\/sesion-30-de-marzo-2022-el-calzado-y-los-ods-la-sostenibilidad-del-calzado-una-adaptacion-necesaria\/","title":{"rendered":"<span lang=\"es\">(Espa\u00f1ol) Sesi\u00f3n 30 de marzo 2022 &#8220;El calzado y los ODS. La sostenibilidad del calzado. Una adaptaci\u00f3n necesaria&#8221;<\/span>"},"content":{"rendered":"<p class=\"qtranxs-available-languages-message qtranxs-available-languages-message-ca\">Ho sentim, aquesta entrada es troba disponible \u00fanicament en <a href=\"https:\/\/catedradelcalzado.umh.es\/es\/wp-json\/wp\/v2\/pages\/2750\" class=\"qtranxs-available-language-link qtranxs-available-language-link-es\" title=\"Espa\u00f1ol\">Espanyol Europeu<\/a>.<\/p>","protected":false},"excerpt":{"rendered":"<p>Ho sentim, aquesta entrada es troba disponible \u00fanicament en Espanyol Europeu.<\/p>\n","protected":false},"author":167,"featured_media":0,"parent":2071,"menu_order":3,"comment_status":"closed","ping_status":"closed","template":"","meta":{"_links_to":"","_links_to_target":""},"_links":{"self":[{"href":"https:\/\/catedradelcalzado.umh.es\/ca\/wp-json\/wp\/v2\/pages\/2750"}],"collection":[{"href":"https:\/\/catedradelcalzado.umh.es\/ca\/wp-json\/wp\/v2\/pages"}],"about":[{"href":"https:\/\/catedradelcalzado.umh.es\/ca\/wp-json\/wp\/v2\/types\/page"}],"author":[{"embeddable":true,"href":"https:\/\/catedradelcalzado.umh.es\/ca\/wp-json\/wp\/v2\/users\/167"}],"replies":[{"embeddable":true,"href":"https:\/\/catedradelcalzado.umh.es\/ca\/wp-json\/wp\/v2\/comments?post=2750"}],"version-history":[{"count":0,"href":"https:\/\/catedradelcalzado.umh.es\/ca\/wp-json\/wp\/v2\/pages\/2750\/revisions"}],"up":[{"embeddable":true,"href":"https:\/\/catedradelcalzado.umh.es\/ca\/wp-json\/wp\/v2\/pages\/2071"}],"wp:attachment":[{"href":"https:\/\/catedradelcalzado.umh.es\/ca\/wp-json\/wp\/v2\/media?parent=2750"}],"curies":[{"name":"wp","href":"https:\/\/api.w.org\/{rel}","templated":true}]}}

<span lang="es">(Español) Sesión 30 de marzo 2022 &#8220;El calzado y los ODS. La sostenibilidad del calzado. Una adaptación necesaria&#8221;</span>

<p class="qtranxs-available-languages-message qtranxs-available-languages-message-ca">Ho sentim, aquesta entrada es troba disponible únicament en <a href="https://catedradelcalzado.umh.es/es/wp-json/wp/v2/pages/2750" class="qtranxs-available-language-link qtranxs-available-language-link-es" title="Español">Espanyol Europeu</a>.</p>

<p>Ho sentim, aquesta entrada es troba disponible únicament en Espanyol Europeu.</p>
